 + 3*q + 2. Let p(g) = 3*a(g) - 4*o(g). What is the tens digit of p(1)?
4
Let g(s) = -25*s**3 + 3*s + 2. Let r be g(-1). Let w(x) = x**3 + 3*x**2 - x + 2. Let f be w(-3). Suppose 0 = f*n + 4 - r. What is the units digit of n?
4
Suppose -l = -3*l. Suppose l*s + s + 5 = 0, -3*m + 35 = -4*s. Suppose 5*r = m*p + 1 + 9, 0 = -5*p + 3*r - 4. What is the units digit of p?
1
Let m(q) = -2 - q**2 + 9*q - 2 - 2*q. Let g be m(5). What is the units digit of (10 - g/3) + 1?
9
What is the tens digit of (-4 + 24)*(-2)/(-4)?
1
Let c(q) = q**2 - 8*q - 10. Let j be c(10). Suppose 0 = -2*s + j, 39 = 6*y - 2*y - s. What is the units digit of y?
1
Let h(f) = -f**2 - 6*f + 4. Let s be h(-6). Suppose -i - u + 13 = -2*u, -s*u - 40 = -3*i. Suppose w + 3*w = i. What is the units digit of w?
3
Let s(m) = m**2 + 7*m + 8. Let i be s(-6). Let j = i - -2. Suppose 0 = -d + j*d - 12. What is the units digit of d?
4
Let z be -1*3 - (-41 - 3). Let f = -13 + z. What is the tens digit of f?
2
What is the units digit of 3 + -3 - 34/(-1)?
4
Let b(y) = 2*y + 2. What is the tens digit of b(6)?
1
Let p = 1 + 16. What is the units digit of p?
7
Let g(k) = 6 + 4 - k + 9. What is the units digit of g(0)?
9
Suppose -2*z + 131 = -z. What is the units digit of z?
1
Suppose 3*i - 4*i + 1 = 0. What is the units digit of i?
1
Let m = 117 - -150. What is the tens digit of m?
6
Let r(q) = q**2 - 3*q + 5. Let v be r(2). Suppose -v*a = 36 - 141. What is the units digit of a?
5
Let d(s) = 2*s**3 - 2*s**2 - 3*s + 2. What is the units digit of d(2)?
4
Let o = 124 + -21. What is the tens digit of o?
0
Suppose -4*l = -9*l + 320. Suppose -3*y - 46 = -2*z, -2*z + l = z - 2*y. Let x = 31 - z. What is the units digit of x?
1
Let d be (1 + 1)*1 + 0. Suppose -5*y - 3 = d. What is the units digit of (1 - 0) + y + 11?
1
Let p = 8 - 5. Suppose -o - 11 = -5*l, p*l - 5*o + o = 10. Suppose -4*g + 3*y + 31 = 6*y, 3*y - 17 = -l*g. What is the units digit of g?
7
What is the units digit of ((-296)/(-6))/((-16)/(-48))?
8
Let j(m) = m**2 + 8*m + 3. Let s = -3 + -2. Let g be j(s). What is the units digit of (-54)/g*10/3?
5
Suppose -3*k = 2*w - 103, -5*k - 5*w = -6*w - 163. What is the tens digit of k?
3
Let q(i) = i**2 - 9*i - 5. Let v = 20 - 10. What is the units digit of q(v)?
5
Let j(z) = -5 + 13*z**2 - 2 - 1 - 11*z. Let c(b) = -4*b**2 + 4*b + 3. Let s(n) = 11*c(n) + 4*j(n). What is the units digit of s(-1)?
9
Let q be 6 - (0/(-2) - 0). Let p = 6 - q. Suppose p = -5*t + 11 + 19. What is the units digit of t?
6
Let l be -4*(-2)/(8/10). Let k be l/(-4)*2/(-1). Suppose 4*w + 0*o - 38 = 2*o, 4*w - k*o - 47 = 0. What is the units digit of w?
8
Suppose -11 = 4*a - 59. Suppose h = -5*z + a, 5*h + 2*z - 168 = 4*z. Suppose -5*w + w = -h. What is the units digit of w?
8
Suppose 16 = 2*h - 6*h. Let n be 6/2*(9 + h). Suppose -4*t + 5*z + n = -2, 4*z = -4. What is the units digit of t?
3
Suppose 554 - 34 = 5*c. What is the tens digit of c?
0
Let c(h) = -2*h**3 - 2*h**2 - 2*h + 17. What is the units digit of c(-6)?
9
Let w(h) = h**3 + 21*h**2 - 21*h + 26. What is the units digit of w(-22)?
4
Suppose -3*v + 16 = v. What is the units digit of (0 - v)*9/(-4)?
9
Let o(l) be the first derivative of -l**4/4 - 5*l**3/3 + 2*l**2 - 7*l - 2. What is the units digit of o(-6)?
5
Suppose 5*n + p + 2 = -2, n - 4*p = 16. Suppose 3*t - 90 = t. Suppose n = -d - 4*d + t. What is the units digit of d?
9
Let g = -24 - -55. Let z = g - 45. What is the units digit of 4/z + 116/14?
8
Let q(f) = 7*f**2 - 7*f - 9. What is the units digit of q(6)?
1
Let s = 17 + -24. Let t = s + 12. Suppose 0 = -4*b + t*m - 3 + 33, -3*b - 3*m = -36. What is the tens digit of b?
1
What is the hundreds digit of ((-3258)/36)/(1/(-2))?
1
Suppose 5*l = -0*l. Suppose 5*d + 56 - 166 = l. What is the units digit of d?
2
What is the tens digit of 30/(-4)*42/(-9)?
3
Suppose -o + 4 = -1. Suppose 19 = -o*p - 41. What is the tens digit of (-1 - p) + 0 + 1?
1
Suppose 169 - 529 = -3*k. Suppose 4*x - 5*b = k, 3*x - 5*b + b - 91 = 0. What is the units digit of x?
5
Suppose 94 = 2*m - 2*a, -4*a + 0 - 12 = 0. Suppose 2*s + 4*k = -0*s + m, 2*k = 2*s - 26. What is the units digit of s?
6
Let g = -21 - -12. Let y = -26 + 10. Let p = g - y. What is the units digit of p?
7
Suppose -9*w + 3*w + 138 = 0. What is the tens digit of w?
2
Let a(z) = -9*z + 7. What is the units digit of a(-4)?
3
Suppose -2*z - 2*z = -36. Let v be (-30)/(-9) + (-3)/z. Suppose 2*o - v*o = -15. What is the tens digit of o?
1
Suppose 0*o + o = -4, 5*o - 135 = -5*y. What is the units digit of y?
1
Let g be (-78)/(-30) - 4/(-10). Let z = g + -3. What is the units digit of 9/(-3) + z + 17?
4
Suppose -2*d = 5*j - 180, 2*j + 192 = 2*d + j. Suppose s - d = -b - 4*b, -85 = -5*b + s. What is the tens digit of b?
1
Let l = -5 + 1. What is the units digit of (-4)/8 - 6/l?
1
Suppose 4 = -3*v - j + 9, -4*v - 8 = 5*j. Suppose v*n - 8*n + 90 = 0. What is the units digit of (-8)/(-20) - n/(-5)?
4
Suppose 5*y - 23 = -a, -a - 3*y + 0 = -15. Suppose -v - 3*s + 0 = a, -4*v - s = -43. What is the tens digit of v?
1
Let d be 32/6 - (-2)/3. Let q be 16/6*d/4. Suppose -3*l + 0 = -5*t - 7, -t - 32 = -q*l. What is the units digit of l?
9
Suppose -w = 3*w - 520. Let f = w - 91. What is the units digit of f?
9
Let w = 1 - -1. Suppose -w*o - 54 = -4*o. What is the units digit of o?
7
Let m = -7 - -14. Suppose -38 = -5*t - 2*k, -5*k - m + 18 = 2*t. What is the units digit of t?
8
Suppose -2 = l - 0*l. Let k be -156*((-20)/(-6) + l). What is the units digit of (-6)/4*k/24?
3
Let q = -207 - -301. What is the units digit of q?
4
Let s(i) = i**2 + 2*i + 4. Let w be s(-6). Suppose 0 = 4*m - w - 28. Let y = m + -7. What is the units digit of y?
7
Let p(x) = -3*x - 15. Let y be p(-6). Suppose -11 = 2*n - y*n. What is the units digit of n?
1
Suppose -4*m - 3*r - 9 = -161, -5*r - 50 = -2*m. What is the tens digit of m?
3
Suppose -3*y - 3 = -4*y. Let g(x) = 3*x**3 - 2*x**2 - 7*x - 1. What is the units digit of g(y)?
1
Let d = 1 - 1. Suppose 0 = 3*p - 2*r + 5, 4*p + 4*r - 20 = -d*r. What is the units digit of p?
1
Suppose 11*i = 6*i + 15. What is the units digit of i?
3
Let n = 276 + -125. What is the tens digit of n?
5
Let n(a) = -a**3 - 7*a**2 - 5*a + 5. Let m be n(-6). What is the units digit of (-1)/(-2)*(31 + m)?
5
Suppose -4*w + 102 = -2*s, -5*s + 20 = -w + 2*w. Suppose -i + 0*i = 4*x - w, 2*i - 47 = -5*x. What is the units digit of i?
1
Let o = 284 + -195. What is the tens digit of o?
8
Let q(y) = -y**2 - 6*y - 3. Let w be q(-5). Suppose 0 = -5*v + 2*m - 7*m, v + w*m = -2. What is the units digit of v?
2
Let h be -2 - -6 - (-4 + 1). Suppose 2*r = 3*o + 6, -3*o - h = r - 1. Let g = r + 3. What is the units digit of g?
3
Suppose 3*p + 3*x - 23 = 4*p, -40 = 4*p + x. Let u(b) = b + 13. Let f be u(p). Suppose -3*g = -g - f. What is the units digit of g?
1
Let f(m) = -3*m**2 - 9 - 10*m + 0*m - 3. Let x(c) = c**2 + c + 1. Let b(q) = -f(q) - 4*x(q). What is the units digit of b(7)?
1
Let v(s) = -4*s - 1 + 6*s + 3*s**2 - 2*s**2 + 0*s**2. What is the units digit of v(1)?
2
Suppose 4*r + 0 = -l + 2, -l + 2*r + 2 = 0. Suppose a + a - l = 0. What is the units digit of a?
1
Let g = -49 - -112. What is the tens digit of g?
6
Let g(p) = 7*p - 6. Let s be g(7). Let f = -17 + s. What is the tens digit of f?
2
Suppose -3*v + 9 = -3. Suppose v*n - 14 - 26 = 0. What is the tens digit of n?
1
What is the tens digit of (3/5)/(2 + (-229)/115)?
6
Suppose 2*a = 3*y + 121, -10 = -a - 3*y + 46. What is the units digit of a?
9
Suppose -5*z + 5 = 0, l - 2*z = -0*z - 4. Let k(x) = x**3 + 3*x**2 + 2*x + 3. Let d be k(l). Let b = d + 0. What is the units digit of b?
3
Suppose 2*r + 2 = -10. Let j = 53 - 34. Let x = j + r. What is the tens digit of x?
1
Let y(i) = 2*i**2 - i. Let n be y(-1). Let r be (-30)/n*(-2)/2. What is the units digit of r/3 + (-2)/(-3)?
4
Let s be 363/6 + (-2)/4. Suppose s = 5*l + 3*f, -2*l + 3*f + 2 = -22. Suppose -3*j + 4*i = 2*j, -2*j + 4*i - l = 0. What is the units digit of j?
4
Let q(t) = -t**3 - 3*t**2 + 4*t + 3. Suppose 3*f + 1 = -14. Let y be q(f). Suppose x + 3*x - w = y, 5*x = 4*w + 55. What is the units digit of x?
7
Suppose 0 = -s - 3 - 0, 0 = 2*b + 4*s - 52. What is the tens digit of b?
3
Let j = 1 - -1. Suppose -j = -d + 3. What is the units digit 